 c(h) = -13*h + 102. Determine c(9).
-15
Let l(f) = 129*f**2 - 900*f - 17. What is l(7)?
4
Let h(s) = -2*s**2 - 35*s + 802. Calculate h(13).
9
Let v(f) = f**2 - 61*f - 341. Determine v(66).
-11
Let g(d) = 737*d + 13264. What is g(-18)?
-2
Let z(g) = g - 108. What is z(15)?
-93
Let z(c) = 50*c**3 - c**2 + 10*c + 11. Calculate z(-1).
-50
Let g(q) = -51*q - 49. What is g(11)?
-610
Let v(s) = 2*s**3 - 15*s**2 - 90*s + 618. Give v(7).
-61
Let b(h) = -11*h - 50. Calculate b(-2).
-28
Let f(b) = -15*b**2 - 968*b - 6052. Give f(-7).
-11
Let u(y) = -79*y + 395. Calculate u(5).
0
Let q(l) = l**2 + 1093*l - 15500. What is q(14)?
-2
Let l(p) = -173*p**2 - 1900*p + 36. Calculate l(-11).
3
Let f(s) = -127*s + 1145. Give f(9).
2
Let j(i) = 84*i - 527. What is j(6)?
-23
Let b(w) = 25*w + 205. Calculate b(-13).
-120
Let d(x) = 2395*x + 52705. What is d(-22)?
15
Let s(u) = u**3 + 14*u**2 - 45*u - 217. Determine s(-18).
-703
Let h(n) = n**2 - 69*n - 56. Calculate h(0).
-56
Let r(m) = 117*m + 1083. What is r(-9)?
30
Let x(c) = -19*c + 91. Give x(7).
-42
Let a(z) = -z**3 + 43*z**2 - 83*z + 48. Determine a(41).
7
Let u(z) = z**3 - 15*z**2 + 56*z - 24. What is u(10)?
36
Let m(z) = 71*z + 8508. What is m(-120)?
-12
Let p(h) = 213*h + 1229. Calculate p(-6).
-49
Let v(d) = 2*d**3 + 84*d**2 + 3*d + 105. Give v(-42).
-21
Let l(d) = -36*d + 302. What is l(7)?
50
Let t(p) = -p**2 - 11*p + 106. Calculate t(8).
-46
Let x(i) = -i**2 - 307*i - 10901. Determine x(-41).
5
Let j(y) = -25*y**2 - 14*y - 13. Give j(-1).
-24
Let s(j) = -j**3 + 27*j**2 - 5*j - 538. Calculate s(26).
8
Let t(h) = -346*h + 7204. What is t(21)?
-62
Let q(f) = 2*f**3 + 195*f**2 - 291*f + 582. What is q(-99)?
-12
Let h(d) = 439*d - 79881. Determine h(182).
17
Let x(t) = 127*t - 5191. What is x(41)?
16
Let a(k) = -7*k**2 - 114*k - 111. What is a(-1)?
-4
Let r(a) = 4*a**2 + 221*a + 1611. What is r(-7)?
260
Let n(b) = -2*b**3 - 10*b**2 + 18*b + 26. What is n(-6)?
-10
Let p(d) = -10*d + 350. Determine p(36).
-10
Let x(m) = 4*m**2 - 36*m + 107. Calculate x(4).
27
Let m(n) = n**3 - 15*n**2 + 4*n - 32. Calculate m(12).
-416
Let r(v) = -1083*v - 15157. Calculate r(-14).
5
Let g(y) = -71*y - 1216. What is g(-17)?
-9
Let c(w) = -w**3 - 19*w**2 + 13*w + 1. What is c(-19)?
-246
Let g(c) = 5717*c + 423056. What is g(-74)?
-2
Let z(f) = 3*f + 4. Give z(8).
28
Let k(j) = -663*j - 9299. Give k(-14).
-17
Let v(c) = -18*c**2 + 1469*c + 567. Give v(82).
-7
Let q(d) = -d**3 + 14*d**2 - 127*d + 1796. Calculate q(14).
18
Let z(a) = -a**3 - 47*a**2 + 1020*a + 24. Determine z(16).
216
Let y(p) = -19*p + 543. What is y(28)?
11
Let y(t) = -8*t**3 + t**2 - 6*t - 6. Determine y(-2).
74
Let f(i) = -134*i - 142. What is f(-1)?
-8
Let g(u) = -58*u**2 + 35*u - 11. Determine g(1).
-34
Let x(r) = -r**2 + 346*r - 4048. Give x(12).
-40
Let p(z) = 4*z**3 + 46*z**2 + 133*z + 11. Calculate p(-6).
5
Let q(j) = -30*j**3 - 2*j**2 + 4*j - 4. Calculate q(1).
-32
Let g(y) = -y**3 - 26*y**2 - 307*y - 10173. Give g(-28).
-9
Let j(b) = 28*b + 1034. Calculate j(-38).
-30
Let i(c) = 428*c**2 + 7279*c + 39. What is i(-17)?
-12
Let s(c) = -2*c**2 + 44*c + 102. What is s(7)?
312
Let h(i) = -12*i - 1060. What is h(-85)?
-40
Let w(t) = -75*t**3 - 9*t**2 - t + 1. Give w(-1).
68
Let l(s) = -s**2 + s + 26. Calculate l(19).
-316
Let g(t) = -143*t**2 + 271*t - 1. Calculate g(2).
-31
Let z(i) = 500*i**2 + 4492*i - 6. What is z(-9)?
66
Let s(l) = 4*l**3 + 39*l**2 - 8*l - 306. Calculate s(-9).
9
Let y(b) = -4*b**2 - 42*b - 212. Give y(-9).
-158
Let j(t) = -t**3 - 10*t**2 - 77*t - 438. What is j(-7)?
-46
Let l(a) = -3*a**3 + a**2 + 19*a + 11. What is l(3)?
-4
Let q(p) = -9*p**2 - 42*p + 269. Give q(6).
-307
Let c(z) = 2*z**3 - 70*z**2 - 82*z + 283. Determine c(36).
-77
Let w(n) = n - 37. Determine w(-9).
-46
Let c(g) = g**2 + 44*g + 453. Give c(-18).
-15
Let b(z) = -2*z**3 + 28*z**2 + 14*z - 686. Calculate b(13).
-166
Let w(g) = g**3 + 49*g**2 + 180*g + 10. What is w(-45)?
10
Let x(n) = -2*n**3 - 56*n**2 + 253*n - 77. Determine x(-32).
19
Let l(m) = -64*m - 1881. What is l(-29)?
-25
Let u(y) = 14*y + 889. What is u(-64)?
-7
Let g(u) = 58*u - 1341. Give g(7).
-935
Let o(d) = 11*d**2 + 44*d + 134. Determine o(-3).
101
Let z(u) = 37*u**2 - 348*u + 134. Give z(9).
-1
Let w(n) = 2*n**3 - 30*n - 9. Give w(5).
91
Let o(f) = -8*f**2 - 334*f - 664. Calculate o(-2).
-28
Let i(b) = -6*b**2 + 344. Give i(0).
344
Let o(p) = -p**2 - 29*p - 180. Determine o(-9).
0
Let o(b) = 317*b + 104. Give o(0).
104
Let y(o) = -4*o**2 - 74*o - 260. What is y(-5)?
10
Let h(n) = -8*n**3 - 2*n**2 + 6*n + 4. Calculate h(-2).
48
Let q(z) = -z**3 + 71*z**2 - 548*z - 134. What is q(62)?
486
Let z(u) = -22*u + 869. What is z(40)?
-11
Let w(i) = -2*i**2 - 21*i + 37. Determine w(-10).
47
Let n(u) = -22*u + 258. Calculate n(12).
-6
Let j(r) = r**2 + 88*r + 1569. Give j(-24).
33
Let p(v) = v**2 + 9*v - 47. Calculate p(-14).
23
Let y(o) = -6*o**2 + 57*o - 16. Give y(9).
11
Let o(h) = -4*h**3 + 306*h**2 + 149*h + 421. Give o(77).
36
Let b(p) = 2*p**3 + 12*p**2 + 6*p + 132. What is b(-8)?
-172
Let z(b) = -2*b**2 - 14*b + 366. Calculate z(-19).
-90
Let i(d) = d**3 - 5*d**2 - 983*d + 188. Determine i(-29).
101
Let l(g) = -1305*g + 2611. Calculate l(2).
1
Let k(n) = 3*n**3 + 5*n**2 + 7*n + 10. Determine k(-3).
-47
Let v(s) = -67*s - 708. Calculate v(-11).
29
Let l(a) = -3*a**3 + a**2 + 2*a. What is l(-2)?
24
Let o(b) = -b**3 - 39*b**2 - 28*b + 385. What is o(-38)?
5
Let h(x) = 502*x - 4520. What is h(9)?
-2
Let r(z) = 21*z - 243. What is r(13)?
30
Let i(p) = -4*p**2 - 93*p - 50. Determine i(-24).
-122
Let v(x) = -10*x**3 + 30*x**2 - 41*x + 114. Determine v(3).
-9
Let z(k) = 7*k**2 - 100*k + 357. What is z(4)?
69
Let t(u) = -2*u**3 - 12*u**2 + 35*u + 11. Give t(-8).
-13
Let d(s) = s**3 - 7*s**2 - 6*s - 6. Determine d(0).
-6
Let b(m) = -m**2 + m + 459. Determine b(22).
-3
Let r(d) = -d**2 - 531*d + 2687. Calculate r(5).
7
Let n(w) = -3*w**2 + 73*w - 15. Determine n(22).
139
Let x(o) = 23*o + 1246. Determine x(-52).
50
Let n(z) = -36*z + 109. Give n(3).
1
Let c(i) = i**3 + 2*i**2 - 24*i - 93. Give c(-6).
-93
Let l(i) = -151*i + 1344. Calculate l(9).
-15
Let r(p) = -187*p + 5422. What is r(29)?
-1
Let y(c) = 11*c - 31. Calculate y(-3).
-64
Let k(i) = i**2 - 17*i - 34. Calculate k(16).
-50
Let p(u) = u**3 + 19*u**2 + 69*u + 937. Calculate p(-18).
19
Let m(h) = -h**3 - 98*h**2 - 189*h + 309. Give m(-96).
21
Let t(j) = 14*j**2 + 173*j - 116. Give t(-13).
1
Let p(b) = -6*b + 131. Give p(28).
-37
Let h(m) = m**2 - 21*m + 180. Determine h(22).
202
Let k(j) = 21*j + 1132. What is k(-51)?
61
Let u(w) = -68*w + 16. What is u(-1)?
84
Let q(w) = -33*w**2 - 2*w + 13. Determine q(3).
-290
Let d(x) = -x**3 + 3*x**2 + 22*x - 28. Calculate d(-4).
-4
Let z(x) = -145*x + 5340. What is z(37)?
-25
Let k(m) = m**3 - 9*m**2 + 14*m + 7. Determine k(5).
-23
Let v(x) = -x**3 + 18*x**2 - 13*x - 126. Give v(16).
178
Let g(d) = -719*d - 717. What is g(-1)?
2
Let h(w) = 105*w**2 + 192*w. Determine h(-2).
36
Let a(d) = d**2 - 54*d + 734. What is a(25)?
9
Let l(g) = 114*g + 2486. Calculate l(-22).
-22
Let t(l) = -6*l**2 - 10*l - 3. What is t(-2)?
-7
Let z(n) = -15*n + 107. Calculate z(-6).
197
Let x(b) = -13*b**3 - b**2 - 10*b - 19. What is x(-2)?
101
Let f(u) = 17*u**2 + 111*u + 57. What is f(-6)?
3
Let k(t) = -8*t**3 + t**2 + 6*t - 1. Give k(-2).
55
Let x(p) = -3*p**2 - 26*p - 47. Give x(-2).
-7
Let a(u) = 6*u**2 + 654*u - 729. Give a(-110).
-69
Let t(f) = 2*f - 2. Determine t(-8).
-18
Let t(y) = -y**3 - 11*y**2 + 20*y + 60. What is t(-13)?
138
Let i(v) = 2441*v + 14654. Calculate i(-6).
8
Let q(n) = -2*n**2 - 51*n + 1197. Determine q(19).
-494
Let j(z) = -8*z - 200. Give j(-8).
-136
Let l(v) = v**3 + 9*v**2 + 20*v + 17. Calculate l(-6).
5
Let k(x) = -5*x + 229. What is k(40)?
29
Let g(x) = -38*x + 157. Calculate g(6).
-71
Let t(a) = 2*a**2 + 56*a + 147. What is t(-25)?
-3
Let n(o) = 16*o + 420. Calculate n(-28).
-28
Let p(d) = -3*d**2 + 174*d - 1924. Give p(12).
-268
Let q(m) = 40*m + 1036. What is q(-26)?
-4
Let i(o) = -4*o**2 + 141*o - 163. What is i(34)?
7
Let j(w) = -4533*w + 9075. Give j(2).
9
Let o(l) = 4*l - 10. Calculate o(1).
-6
Let y(t) = -360*t + 2542. Give y(7).
22
Let z(y) = -119*y + 19. Determine z(1).
-100
Let x(c) = -32*c**3 - 